*o + 71. Calculate n(9).
26
Let o = -46 - -71. Suppose 0 = -3*g - 2*g + o, 3*a - 23 = -g. Let c(w) = -w**2 + w + 4. Let d(y) = y**2 - 2*y - 3. Let m(h) = -2*c(h) - 3*d(h). Determine m(a).
-11
Suppose 1 = 4*u + 5*w + 2, 5*u - 5*w - 55 = 0. Let r(q) = -5 + 30*q - 11*q - u*q - 11*q. Let l be (2/5)/((-3)/(-60)). Give r(l).
11
Let q(m) = -m**2 + m - 2. Let w(k) = 12*k**2 - 5*k + 38. Let j(l) = -11*q(l) - w(l). Calculate j(-4).
-8
Let x = 889 + -887. Let a(d) = -2*d - 34*d**2 + 54*d**2 + 3*d**3 - 36*d**x - 2*d**3 + 3*d - 6. What is a(16)?
10
Let r(n) = n + 7. Suppose 2*i = -13*i + 300. Suppose 4*o + 2*l = -36, -43*l + i = -38*l. What is r(o)?
-4
Let n(r) = -7*r - 2*r**2 + 3*r**2 - 1 + 2*r. Suppose -830 = -13*f + 8*f - g, 2*g = -5*f + 825. Suppose 0 = -5*b - 147 + f. Give n(b).
-5
Let x(s) = -s**3 - s**2 + 5*s - 1. Let j(w) = -4*w**3 - 4*w**2 + 23*w + 4. Let r(f) = j(f) - 3*x(f). Calculate r(-3).
1
Let y = 259 - 263. Let j(a) be the third derivative of 2*a**2 + 0*a + 0 + a**3 + 5/24*a**4. Calculate j(y).
-14
Let u(z) = -z**2 - 3*z + 3. Let m(n) = -n**3 + 5*n**2 + n + 1. Let k be m(5). Suppose -102 = k*c + 28*c. Determine u(c).
3
Let t(z) = -2*z + z - 15 + 0*z - 6. Give t(13).
-34
Suppose 150 - 48 = 21*o - 24. Let n(m) be the first derivative of 0*m + 1/2*m**2 - 1. Calculate n(o).
6
Let w(f) = -16*f**3 + 3*f**2 + 8*f - 25. Let i be w(3). Let y = i - -411. Let j(x) = -7*x + 1. What is j(y)?
-34
Suppose 4*s - 18 = -2*o, -21 = -s + 2*o - 9. Let l(m) = 13260*m - 13266*m + m**2 - s - 3. What is l(8)?
7
Let i be 11 + -2 + -4*(-3 - 152/(-32)). Let g(v) = 0*v - 1 + 2*v + 3 + 2*v. Let l(m) = -3*m - 3. Let a(p) = 3*g(p) + 2*l(p). Determine a(i).
12
Suppose -291*s + 3078 = -1869. Let j(i) = -i**3 + 18*i**2 - 22*i + 69. Determine j(s).
-16
Let o be 60/6 - -3 - 8. Suppose 4*y = -o*j + 24, 4*j + 56 = 4*y - 4. Let c(s) = s**3 - 11*s**2 + 2*s - 12. Calculate c(y).
10
Suppose -15*j = -4*j - 330. Let g = j - 22. Let d(l) = l - 15. Determine d(g).
-7
Let z(f) = -f**2 + f + 5. Suppose 0 = 5206*m - 5218*m + 48. What is z(m)?
-7
Let g(x) = -3*x + x**3 + 6*x - x - x**2. Suppose 0 = -7*i + 42, 4*t - 3*i = -4*i + 14. Calculate g(t).
8
Let m(n) = -n**3 - 8*n**2 - 7*n + 12. Let t be 2/(-18)*(23 + -23). Suppose t = 2*i - 6*i + 16, -2*i + 36 = -4*h. Calculate m(h).
12
Let w(h) = -213*h + 168 + 661*h - 223*h - 213*h. Calculate w(-14).
0
Let a(b) = 11*b + 4*b**2 - 17*b + 2*b**3 + 3 - b**3 - 6 + 0*b**3. Let y(q) = q**2 + 0*q**2 - 1 - 2*q**2. Let u be y(2). Give a(u).
2
Let i be (-351)/(-234)*-4*(0 + -1). Let q be i/8*-4*(-2)/(-3). Let h(j) be the second derivative of 7*j**3/6 + 3*j**2/2 - j. What is h(q)?
-11
Let t = 3475 + -3482. Let l(m) = -2*m - 7. Let r be l(-5). Let y(x) = 0 + 3 + 3*x + r. What is y(t)?
-15
Let b(r) = -5*r**3 + 28*r**2 + 10*r - 122. Let p(f) = -f**3 + 6*f**2 + 2*f - 24. Let y(t) = -4*b(t) + 21*p(t). What is y(14)?
12
Let y be (-1160)/(-104) + 2/(-13). Suppose 13*l - y*l = 10. Let j(q) = -q**2 + 4*q + 7. Give j(l).
2
Let l(g) be the first derivative of -g**4/2 + 2*g**3/3 + 4*g**2 + 5*g - 2314. What is l(-4)?
133
Let p(t) = 14*t - 13. Let d be ((-206)/103)/((-18)/(-12)*4/(-3)). Calculate p(d).
1
Suppose -5*s + 2*o + 8 = 0, 6*o + 2 = -52*s + 56*s. Let m(i) be the second derivative of -42*i + 1/12*i**4 + 7/2*i**s + 2 + 4/3*i**3. Determine m(-6).
-5
Let u(x) be the third derivative of x**5/20 + 4*x**4/3 + 11*x**3/3 + 4*x**2 - x - 99. Determine u(-9).
-23
Suppose 711*o = 359*o + 359*o. Let f(p) = -119*p - 5. Give f(o).
-5
Let u(r) = -3*r**2 + 2*r + 2. Let i(g) = -g**2. Let f(k) = -2*k**3 - 10*k**2 + 12*k - 1. Let m be f(-6). Let o(w) = m*u(w) + 2*i(w). What is o(3)?
1
Let k(m) = 1561*m**2 - 2 + 3 - 3 - 11*m + 50*m - m**3 - 1551*m**2. What is k(13)?
-2
Let b(g) be the third derivative of 7*g**4/24 + 51*g**3/2 + 8589*g**2. Give b(-19).
20
Let a be (-3 - 161/14) + 6/(-12). Let s(b) = b**2 - 2*b - 7. Let i be s(5). Let o = i + a. Let x(w) = -w**2 - 7*w - 2. Determine x(o).
-2
Let t(c) = c**2 + 34*c - 105. Let p be (-75)/125 + 2/(-5) - (-6 - -2). Give t(p).
6
Let m(y) = 4*y**3 + 4*y**2 - 4*y - 14. Let j be m(-3). Let p = j + 69. Let g(k) = -k**3 - 7*k**2 - 7*k - 7. What is g(p)?
-22
Let y(n) = n**2 + 19*n + 29. Let u be y(0). Let a(q) = -4 + 4 - 27*q + u*q + 2. What is a(6)?
14
Let h = -18023 + 18044. Let q(r) = -r + 5. Determine q(h).
-16
Let r(y) = y**2 + 8*y + 10. Let x(t) = -16*t**3 - t**2 - 2*t + 2. Suppose 0 = 4*j + o + 12, 0 = 2*j + o + 2 + 6. Let p be x(j). Let v = p - 137. Determine r(v).
3
Suppose 2*g = 6, 0*g - 4*g + 17 = -5*c. Let k(p) = p. Let t(d) = -2*d - 2. Let z(s) = c*k(s) + t(s). Calculate z(2).
-8
Let m = -1 + 47. Suppose 45*c = m*c + 1. Let y(f) = -7*f**3 + 2*f + 1. Determine y(c).
6
Let t(w) = 5*w**3 + 16*w**2 + 28*w + 14. Let j(r) = -11*r**3 - 32*r**2 - 59*r - 28. Let g(y) = -4*j(y) - 9*t(y). Determine g(-15).
1
Let j(u) = -47*u + 5. Let t(a) = -68*a + 6. Let g(h) = -4*j(h) + 3*t(h). Give g(1).
-18
Let g(z) = 2*z**2 - 15*z - 10. Let b(k) = 22*k**3 + 5*k + 3. Let f be b(-2). Let o = f - -191. What is g(o)?
-2
Let a(u) = 65*u**2 + 3*u - 2. Suppose 3*o = 4*o - 1. Let d be a(o). Let c(k) = -73*k**3 + 0*k**2 + d*k**3 + 1 - k**2 + 0*k**2. Give c(-1).
7
Let f(u) be the first derivative of -u**3/3 + 15*u**2/2 - 28*u - 4479. Calculate f(8).
28
Let i = 6489 + -6505. Let w(k) = k + 11. Give w(i).
-5
Let u(v) = -v**3 + 8*v**2 - 7*v - 3. Suppose -137*w + 143 + 613 + 340 = 0. Give u(w).
-59
Let n(r) be the second derivative of r**3/6 + r**2/2 - 2*r. Suppose 348 = -6*p + 330. Let g be n(p). Let d(a) = 3*a. What is d(g)?
-6
Let w(f) = -702*f + 6326. Let x be w(9). Let l(y) = 8 + y + 6*y - y**2 + 6. Give l(x).
6
Let t(x) be the first derivative of 20*x**2 + 448*x + 3155. Give t(-11).
8
Let g(r) = r + 1. Let n(a) = a + 56. Let q be n(12). Suppose -77*k = -q*k + 9. Give g(k).
0
Let r(v) = 8*v - 18. Let o be r(3). Let g(a) = o*a + 1 - 1 - 5*a. Calculate g(-4).
-4
Suppose z - 4*l = -7, 10 = -4*z - 4*l + 2. Let h(n) be the third derivative of -11*n**4/24 + 2*n**3/3 + 1356*n**2. Give h(z).
37
Let s(y) = y**2 - 2*y + 3. Let v be s(2). Let f(l) = -7 + 2*l**3 + 5*l**2 + 4 - 2*l - v*l**3. Suppose 10*j - 13*j = 3*a, 3*j - 4*a - 21 = 0. What is f(j)?
9
Let n(s) = s**2 + s - 5. Suppose 0 = -4*p - p + 25. Suppose 4*d - 6*d + 3*a - 16 = 0, 0 = -d + p*a - 22. Let t(w) = w**2 + 3*w - 2. Let c be t(d). What is n(c)?
7
Let n(d) = d**3 + 4*d**2 + d + 3. Let r(a) = -a**3 - 9*a**2 + 10*a + 3. Let u be r(-10). Suppose -51 = -16*y - 227. Let m be 1 + u + 3 + y. Determine n(m).
-1
Let b(d) = 3*d**3 + 2*d**2 + 4*d + 3. Let j(n) = -2*n**2 + n. Let h(l) = -62*l + 98. Let u(x) = -h(x) - j(x). Let z be u(-32). Give b(z).
-21
Let f(l) = -3*l + 49. Let n(c) = -2. Let a(g) = -f(g) + 6*n(g). Give a(24).
11
Let g(z) = 25*z - 157. Let p be g(10). Suppose -p + 28 = -13*o. Let d(a) = -a**2 + 6*a + 6. Calculate d(o).
11
Let c = 11695 - 11711. Let p(f) = 10*f + 160. Give p(c).
0
Let a(i) = 5*i - 3. Let x(t) = 2*t**2 + 19*t + 1. Let w be x(3). Let f = w - 80. Give a(f).
-23
Let g(m) be the third derivative of -3*m**6/40 - m**5/30 + m**4/24 - 756*m**2. Determine g(1).
-10
Let z(g) = -g**3 - 20*g**2 - 2*g - 31. Let b = 1984 + -2004. Determine z(b).
9
Let u be ((-595)/(-34))/((-2)/36). Let q = u + 308. Let n(l) = -l - 8. Determine n(q).
-1
Let n(u) = -2*u**2 - 164*u - 1897. Let l be n(-68). Let x(k) = 2*k**2 - 6*k + 5. What is x(l)?
61
Suppose t - 6*t - 15 = 0. Suppose 68 = 7*h + 47. Let k(n) = -13*n**3 - 9*n**3 - 5*n**h - n**2 - 3 + 2*n + 26*n**3. Calculate k(t).
9
Let g(k) = -k - 2. Let t be 1/((-6)/8 + 124/144). Suppose t*i - 135 = 24*i. What is g(i)?
7
Let i(n) = -5*n**2 + 28*n + 1. Let w(d) = -8*d**2 + 48*d + 1. Let y(o) = 5*i(o) - 3*w(o). Let k be (-1)/(-3)*6/2. Suppose k = h + 5. Determine y(h).
2
Let k(x) = x**2 - 8*x - 6. Let w(b) = 0*b - 442 - 2*b + 441. Let q(s) = k(s) - 5*w(s). Give q(-3).
2
Let y(w) be the second derivative of 1/4*w**4 + 2/3*w**3 - 3/2*w**2 - 4*w + 30. What is y(2)?
17
Let a(t) = 9 - t**3 - 5262972*t**2 + 3 + 5262971*t**2. Calculate a(-2).
16
Let a(x) = -17*x + 21. Let p = -5010 + 5015. Calculate a(p).
-64
Let o(m) = m**2 + 22*m - 399. Let w be o(-34). Let t(l) = l**3 - 8*l**2 - 3*l - 29. Determine t(w).
25
Let g(a) be the first derivative of -a**3/3 - 7*a - 1253. Suppose 14